what is 4 + -5?
-1
In base 9, what is 5 - 10?
-4
In base 5, what is -130223 + 4?
-130214
In base 15, what is -3 - -7e?
7b
In base 5, what is -11 + -32?
-43
In base 3, what is -12202200 - 10?
-12202210
In base 14, what is 3 + -6d?
-6a
In base 3, what is 1022112 - 0?
1022112
In base 10, what is -359 - -5?
-354
In base 6, what is 221 - -4?
225
In base 7, what is 5 - 15535?
-15530
In base 11, what is 3 + -163?
-160
In base 2, what is 11010010 - -10001?
11100011
In base 14, what is -5 - -c9c?
c97
In base 3, what is 202120102 + 1?
202120110
In base 10, what is -12 + -158?
-170
In base 9, what is 17 - -17?
35
In base 13, what is 5 - 3a7?
-3a2
In base 9, what is 72316 - 0?
72316
In base 11, what is -17669 + -2?
-17670
In base 16, what is 11a6 + -1?
11a5
In base 7, what is 1333 - 3?
1330
In base 10, what is -45 - 4?
-49
In base 6, what is -25 + 203?
134
In base 10, what is -1270 + 5?
-1265
In base 13, what is 3b + -1?
3a
In base 11, what is 172 + -39?
134
In base 13, what is -11 + -6?
-17
In base 7, what is 1 + -1256?
-1255
In base 16, what is -19 + -13?
-2c
In base 6, what is 141 + -232?
-51
In base 7, what is -1011 + 5?
-1003
In base 16, what is b + 189?
194
In base 3, what is 2222221 + 10?
10000001
In base 4, what is -133 + -1211?
-2010
In base 5, what is 23 + -30441?
-30413
In base 12, what is 2a + 41?
6b
In base 11, what is 154 - -17?
170
In base 14, what is 4 - 4c?
-48
In base 12, what is 5 - 327?
-322
In base 10, what is 17 - -33?
50
In base 9, what is 33 - -10?
43
In base 15, what is 1 + 9ae?
9b0
In base 5, what is -3 + -32322?
-32330
In base 2, what is 10100 + -1010?
1010
In base 16, what is -2 - 1c?
-1e
In base 6, what is -11 - 1510?
-1521
In base 9, what is -3 + 10?
6
In base 14, what is -5 - -18?
13
In base 9, what is -6 + 134?
127
In base 11, what is 31 - 41?
-10
In base 11, what is 1a + -8?
12
In base 4, what is -100 + 2?
-32
In base 15, what is -c - 4?
-11
In base 9, what is 186 + 0?
186
In base 16, what is 7 + 85?
8c
In base 7, what is 242352 - 2?
242350
In base 2, what is -101 + 11?
-10
In base 11, what is 863 + 2?
865
In base 12, what is -2 - 3?
-5
In base 14, what is -9 + 215?
20a
In base 3, what is 112 + -101101?
-100212
In base 2, what is 10101 + 11?
11000
In base 5, what is 10 + 1023?
1033
In base 13, what is 6 - -2b9?
2c2
In base 10, what is 35 - 19?
16
In base 2, what is -10 + -101001?
-101011
In base 7, what is 13 + -264?
-251
In base 4, what is -10 - -1122?
1112
In base 14, what is 2a83 - 2?
2a81
In base 9, what is -204 + 0?
-204
In base 7, what is -1566 - 21?
-1620
In base 2, what is 101101110011 - 10?
101101110001
In base 10, what is 3 - 111?
-108
In base 2, what is -10010001000 - 10?
-10010001010
In base 7, what is 4 - 416?
-412
In base 8, what is 1 + -64?
-63
In base 8, what is 1575 - -10?
1605
In base 4, what is 0 - -10231?
10231
In base 12, what is -109 - 1?
-10a
In base 12, what is -4 + 115?
111
In base 9, what is 1287 + -12?
1275
In base 13, what is -4 - 93?
-97
In base 2, what is -10 + 10111010110?
10111010100
In base 6, what is -155 + 35?
-120
In base 7, what is 523 - 2?
521
In base 3, what is 2 - 111221?
-111212
In base 14, what is 10d + 4?
113
In base 10, what is 1512 + -1?
1511
In base 3, what is -10112202 - 10?
-10112212
In base 16, what is 338 - 3?
335
In base 15, what is 24dd - 2?
24db
In base 8, what is 620 + 6?
626
In base 16, what is 24 - -b?
2f
In base 6, what is -4 - -2545?
2541
In base 11, what is 18a79 - 3?
18a76
In base 12, what is -2 - 52?
-54
In base 3, what is -2120102 + -12?
-2120121
In base 11, what is 784 + -4?
780
In base 8, what is 14 + 10?
24
In base 7, what is -111 + -5?
-116
In base 7, what is -64 - 136?
-233
In base 14, what is 1 + -51c?
-51b
In base 13, what is 35 - -2?
37
In base 3, what is 1 + -210210?
-210202
In base 16, what is -1 + e4?
e3
In base 4, what is -122 - -10?
-112
In base 3, what is 11100210 - -1?
11100211
In base 5, what is -2 + 2423?
2421
In base 6, what is 134 - -340?
514
In base 16, what is -3 + 1a0?
19d
In base 14, what is -a - -c3?
b7
In base 11, what is -379 + 5?
-374
In base 14, what is -bd + -5?
-c4
In base 2, what is 110101000001 - 1010?
110100110111
In base 14, what is -49c - 3?
-4a1
In base 5, what is -134 - 134?
-323
In base 16, what is -141 - c?
-14d
In base 15, what is 4 - -20c6?
20ca
In base 5, what is -13 + -300?
-313
In base 8, what is -5 + 310?
303
In base 5, what is 403021 + -3?
403013
In base 16, what is -6 + 1e?
18
In base 16, what is 53b + -a?
531
In base 14, what is -2 + a4?
a2
In base 7, what is 23 - 12?
11
In base 5, what is -43 + 23?
-20
In base 7, what is 23 + 4?
30
In base 8, what is 2156 + -5?
2151
In base 3, what is -12 - -121211?
121122
In base 16, what is -97 + -1?
-98
In base 4, what is 32 - -30?
122
In base 12, what is -b - -31?
22
In base 5, what is -10434 + 1?
-10433
In base 11, what is -3 + 92?
8a
In base 16, what is -23c + 2?
-23a
In base 2, what is -101010110 + 100111?
-100101111
In base 7, what is -6 - 1325?
-1334
In base 16, what is b + -22?
-17
In base 7, what is 5 + -16553?
-16545
In base 3, what is -2111 - 10?
-2121
In base 13, what is -a62a + 0?
-a62a
In base 3, what is 1 - -20102?
20110
In base 16, what is 2 - -4dc?
4de
In base 4, what is -10 + -222?
-232
In base 7, what is -32 + 1?
-31
In base 11, what is -a0 - 3?
-a3
In base 8, what is 2 + -101?
-77
In base 5, what is 412 - -131?
1043
In base 7, what is 10 - -22?
32
In base 12, what is 4 + -4027?
-4023
In base 7, what is -12 - -14?
2
In base 4, what is 2 + 3133?
3201
In base 5, what is -11013 - -11?
-11002
In base 4, what is -1201 + 231?
-310
In base 13, what is -1 + -36?
-37
In base 7, what is -25 + -126?
-154
In base 3, what is -2222 - -1002?
-1220
In base 9, what is -324 - 3?
-327
In base 11, what is -5 + 2799?
2794
In base 13, what is 2a + -3?
27
In base 5, what is -1213 + 1?
-1212
In base 4, what is -1 - 20030?
-20031
In base 16, what is -5 + a?
5
In base 14, what is -5 + -68?
-6d
In base 5, what is 4433 + -3?
4430
In base 10, what is -5325 + 0?
-5325
In base 16, what is -46 - 9?
-4f
In base 5, what is -12 + 1223?
1211
In base 9, what is -43 - -7?
-35
In base 11, what is 13 + 125?
138
In base 16, what is -177 - -51?
-126
In base 16, what is 6 + 9f?
a5
In base 10, what is -173 + -5?
-178
In base 14, what is -2 + -ca?
-cc
In base 3, what is 20111 + -12?
20022
In base 15, what is -21d + 0?
-21d
In base 2, what is 101 + 10101100?
10110001
In base 8, what is 217 - 4?
213
In base 9, what is -21 - 0?
-21
In base 10, what is 1 + 86?
87
In base 7, what is -6521 - 2?
-6523
In base 2, what is 0 - -100000?
100000
In base 10, what is 4 - 2?
2
In base 15, what is 33d0 + 5?
33d5
In base 4, what is 2 - 210?
-202
In base 4, what is 3 + 22?
31
In base 9, what is 148 + -26?
122
In base 13, what is -3 + -10?
-13
In base 8, what is -14 + -21?
-35
In base 14, what is -8 - 30?
-38
In base 5, what is -23102 - 1?
-23103
In base 15, what is 0 - -5a?
5a
In base 12, what is 1bb7 + -5?
1bb2
In base 12, what is 7a + 0?
7a
In base 5, what is -4034 + -1?
-4040
In base 3, what is 0 - -1010?
1010
In base 12, what is -126 - 4?
-12a
In base 2, what is 10101000001011 + -1?
10101000001010
In base 8, what is 2 - 11232?
-11230
In base 2, what is 111101 - 1000100?
-111
In base 7, what is 0 - 600?
-600
In base 16, what is a5 - 32?
73
In base 9, what is -1 - -53?
52
In base 13, what is 157 + -2?
155
In base 4, what is 10 + 220?
230
In base 14, what is 2 - 310?
-30c
In base 14, what is -3 + 15a?
157
In base 14, what is 36 - -2?
38
In base 8, what is -36320 + 1?
-36317
In base 7, what is -556 - 1?
-560
In base 7, what is -3 - -1124?
1121
In base 8, what is 237 - -25?
264
In base 12, what is 27 - 1?
26
In base 13, what is -5 + -182?
-187
In base 12, what is -163 + 1?
-162
In base 6, what is -5 + 345?
340
In base 7, what is 4 + -1035?
-1031
In base 14, what is -1c0 - -1?
-1bd
In base 9, what is 1104 + -38?
1055
In base 3, what is -11 + 200?
112
In base 9, what is 3 - 6812?
-6808
In base 10, what is -153 - -42?
-111
In base 9, what is 512 + -3?
508
In base 9, what is -277 - 2?
-280
In base 8, what is -3 + -6?
-11
In base 15, what is -3b + 40?
4
In base 15, what is -4c87 - 4?
-4c8b
In base 14, what is 1 - -386?
387
In base 3, what is -12 + -121200?
-121212
In base 3, what is 0 + -1120?
-1120
In base 16, what is 9 - 